5. What is the remainder when d(-4) is divided by k(8)?
17
Suppose -13*j = -14*j + 13. Suppose -j*l - 90 = -675. Calculate the remainder when 87 is divided by l.
42
Suppose 2*i + 3*s = 186, -3*i - 4*s = -0*s - 279. Calculate the remainder when 4144/34 - 0 - 48/(-408) is divided by (-2)/(-1 - (-87)/i).
29
What is the remainder when 1/((-48)/52 + 1) is divided by 7?
6
Let y(c) = -3*c**3 - 48*c**2 - 7*c - 34. What is the remainder when y(-16) is divided by 10?
8
Let u = -349 - -541. Suppose -5*d = 2*f - 198, -d - u = -2*f - 3*d. What is the remainder when f is divided by 16?
14
Suppose 0 = 11*c - 342 - 263. Calculate the remainder when c is divided by 3.
1
Let q(h) = -2*h - 7. Let u be q(-4). Let a(l) = 2*l - 1 + 6 - u. What is the remainder when 40 is divided by a(5)?
12
Suppose -4*z + 123 + 29 = 0. What is the remainder when 69 is divided by z?
31
Suppose -5*p = x - 36, 55 = 4*x - p - 47. Calculate the remainder when (9 - 2)*504/49 is divided by x.
20
Suppose -5*n + 3*j + 1316 = 0, 2*n - 350 - 178 = 2*j. What is the remainder when n is divided by 88?
86
Let w(n) = -5*n - 66. Let u(v) = 2*v**2 - 9*v - 9. What is the remainder when u(7) is divided by w(-16)?
12
Let p = -1 - -2. Calculate the remainder when 1*8*((-165)/(-40) + -4) is divided by p.
0
Let t(m) = -m + 3. Let o(a) = -a + 2. Let k(j) = 7*o(j) - 3*t(j). Calculate the remainder when k(-10) is divided by 6.
3
Suppose -2*r + 2 = -3*k + 44, -5*r = -4*k + 56. Suppose -253*w = -14*w - 12667. Calculate the remainder when w is divided by k.
11
Suppose 5*j - j + 3*t = 6, 8 = 2*j - t. Suppose 2*m + 2*m + o = 9, o = -j*m + 6. Let c(x) = 2*x**2 - 4*x - 1. What is the remainder when c(m) is divided by 2?
1
Let p be 0 - -34 - (7 + -5). Suppose -7*j - p = -9*j. Calculate the remainder when 31 is divided by j.
15
Suppose -3*s = -24*s + 609. Calculate the remainder when s is divided by 8.
5
Suppose 4*c = -4*t, 0 = 5*t - 10*t - 4*c + 2. Suppose -t*n = -4*n + 12. Suppose 4*f = -0*f - 3*k + n, 10 = -5*k. Calculate the remainder when 5 is divided by f.
2
Let g(k) = k**3 + 10*k**2 - 3*k - 2. Let l be g(-10). Let u = l + -22. Calculate the remainder when 9 is divided by u.
3
Let s be ((-480)/9)/5*-3. Let o be (3 - s/4)*-1. Suppose x - o*x = -404. What is the remainder when x is divided by 26?
23
Let r = 56 + -35. Let k(m) = 48*m - 8. What is the remainder when k(1) is divided by r?
19
Let w = 776 - 657. What is the remainder when w is divided by 18?
11
Suppose -b - 2*y = -19, b - y = -b + 58. Let w = b + -17. Calculate the remainder when 48 is divided by w.
8
Let t(u) = -u**3 - 8*u**2 + 8*u. Let g be t(-9). Let i = 2 - g. Calculate the remainder when 21 is divided by (1 + 11)*i/(-14).
3
Let i = 61 - 35. Let r be 7/(2 + i/(-14)). Let j = r + -30. Calculate the remainder when 36 is divided by j.
17
Let f(m) = m**3 - 39*m**2 + 36*m + 102. Suppose -2*y - y + 30 = 0. What is the remainder when f(38) is divided by y?
6
Let s(j) = j**3 - 3*j**2 - 3*j + 10. Suppose -4*n + 8 = -8. Calculate the remainder when 41 is divided by s(n).
13
Suppose 3*b + 12 = -m + 66, 2*m + 6 = 0. What is the remainder when b is divided by 4?
3
Let g(u) = 2*u**3 + 13*u**2 - 5*u - 7. Let a be g(-6). Let o = 0 + a. Calculate the remainder when o is divided by 21.
17
Let i(w) = 3*w - 24. Let a be i(10). Suppose -a*t - t + 28 = 0. Calculate the remainder when t is divided by 4.
0
Let x(z) = -z**3 + 25*z**2 + z - 3. Let p(f) = -f**2 + 19*f + 16. What is the remainder when p(14) is divided by x(25)?
20
Suppose -7 - 148 = -5*q. Let j(i) = -i**3 + 8. What is the remainder when q is divided by j(0)?
7
Suppose -49*g + 72*g = 1380. Calculate the remainder when g is divided by 25.
10
Suppose -11*k - 28 = -12*k. Let z = k + 13. What is the remainder when 79 is divided by z?
38
Let l(w) = -w - 10. Let c be l(-13). Suppose a + 2*g - 1 = 0, 3*a + 2*g - 1 - 14 = 0. Calculate the remainder when c/((3/26)/1) is divided by a.
5
Let c = 24 - 18. Suppose -c*f = -2*f. Suppose l + f*l = -5*i + 72, -5*l = 5*i - 80. What is the remainder when 54 is divided by i?
12
Let v(o) be the first derivative of -5 + o + 9/2*o**2. Calculate the remainder when v(6) is divided by 19.
17
Calculate the remainder when ((-1055)/(-10))/((-18)/(-36)) is divided by 70.
1
Let o = 83 - 59. Let k(t) = 5 - 4*t**2 + t**3 + 1 - 8*t + 3 + 2*t**2. Calculate the remainder when o is divided by k(4).
6
Let q = -20 + 35. Let c = 51 + q. Suppose -3*l + l + c = -x, 2*l + x - 70 = 0. What is the remainder when l is divided by 18?
16
Suppose 2*g - 248 = -2*g - 4*o, -o = 1. What is the remainder when g is divided by 33?
30
Suppose 0 = -q - 5*u + 40, -u - 196 - 108 = -5*q. Let m be (-43)/(-15) - (-8)/q. Suppose 0 = 4*x - 3*x - m. What is the remainder when 14 is divided by x?
2
Let h(w) = -w**2 + 12*w - 12. Let u be h(10). Let g(c) = -2*c + 5. Let r be g(u). Let d = -7 - r. What is the remainder when 10 is divided by d?
2
Let a = 53 - -20. What is the remainder when a is divided by 16?
9
What is the remainder when 55 is divided by 6448/341 + 3/33?
17
Let j be -6 + 1 + 1 - -7. Suppose -6*l + l + 142 = -3*h, j*h - 14 = -l. Calculate the remainder when l is divided by 7.
5
Let o(h) = -7*h - 24. Suppose 0*g = -g + w + 3, -4*w = -4. Calculate the remainder when o(-7) is divided by g.
1
Suppose -6*i + 9*i + 12 = 0. Calculate the remainder when 42/(-8)*(-5 + 1) is divided by 2/(4/42*3) - i.
10
Suppose 9*c = 271 + 584. Suppose 0 = 3*n - 110 + c. Suppose -5*m = h + 9, 4*h - h - 68 = 4*m. What is the remainder when h is divided by n?
1
Let m(z) = z**3 - 2*z**2 - 7*z. Let x be m(-2). Let j = 48 + -34. What is the remainder when x/(-6) - (-7)/(-3) - -43 is divided by j?
13
Let q(w) = 4*w**2 + 8*w - 34. Let m(x) = x**3 + x**2 + x + 20. Let v be m(0). Let i = v + -10. What is the remainder when q(3) is divided by i?
6
Suppose 55 = z - 2. Let x = z - 39. Calculate the remainder when 34 is divided by x.
16
Let q(i) = i**2 + 2*i + 26. Let h be 6 + -7 + (4 - 0). Suppose -4*r = h*s - 65, -7*r + 4*s + 44 = -3*r. Calculate the remainder when q(0) is divided by r.
12
What is the remainder when 17 + 63 - (12 - 1) is divided by 41?
28
Suppose 389 + 417 = 4*k + 3*s, 412 = 2*k - 3*s. Calculate the remainder when k is divided by 32.
11
Suppose 0*g = -5*k - 4*g + 1277, 518 = 2*k + 4*g. What is the remainder when k is divided by 117?
19
Let m be 3/15 + (-34)/(-5). Suppose m = -2*s + 91. What is the remainder when s is divided by 15?
12
Suppose -5*o = -2*j - 375, 4*j + 3*o + 0*o = -711. Let z = -67 - j. What is the remainder when z is divided by 38?
37
Suppose 0 = 5*g - 3*m - 410, -2*m = 3*g - 2*g - 69. Let r = 307 + -267. What is the remainder when g is divided by r?
39
What is the remainder when ((-1282)/(-14))/1 - 8/14 is divided by 19?
15
Let c be 2 + (5 - 2 - 6). Let z be c*(-1)/(-2)*128. What is the remainder when 39 is divided by 1/(-3) - z/3?
18
Let t be 2*((-2)/2 + 7). Suppose -2*l + 4*h = -266, -h - t = -5*h. What is the remainder when l is divided by 28?
27
Let q(c) = -126*c + 402. Calculate the remainder when 141 is divided by q(3).
21
Let h be -3 + (2 - (-3 - 1)). What is the remainder when 41 is divided by ((-16)/(-12))/(h/54)?
17
Suppose -3*y + t = 2*t, 0 = -2*t - 6. Let b be 1*(-9 + (y - 2)). Calculate the remainder when (b/(-6))/(-5)*-279 is divided by 24.
21
Suppose -6*l + 4*l + 4*n - 72 = 0, l + 6 = -4*n. Let r = -24 - l. Suppose 0 = r*k - 5*b + 9, 4*b - 57 = -4*k - 5. What is the remainder when 23 is divided by k?
7
Suppose 0 = -0*d - 14*d + 266. Suppose -3*c + c = -12. Calculate the remainder when d is divided by c.
1
What is the remainder when 171 is divided by ((-54)/(-8))/((-3)/(-12))?
9
Suppose -6*k - 105 = -9*k. Suppose 5*q + 9 = 59. Suppose -64 + q = -6*j. What is the remainder when k is divided by j?
8
Suppose -3*m - f + 53 = -2*f, 2*m + 5*f = 7. Let w = 17 - m. What is the remainder when w/(((-14)/52)/(-7)) is divided by 10?
6
Let s = 97 + -117. What is the remainder when (54 + -1 - 0)/((-20)/s) is divided by 28?
25
Let a = 58 + -54. Suppose -a*c = 27 - 91. Calculate the remainder when 63 is divided by c.
15
Suppose c = 2*y - 95, 3*y - c - 2*c - 138 = 0. Suppose y - 1 = 6*w. What is the remainder when 31 is divided by w?
7
Suppose 30 = 5*c - 3*n, -c - 4*c - 5*n = 10. Suppose b + 64 = 5*o, 5*o + 0*b -